base 10, what is 2 - -75?
77
In base 2, what is -11 + 1000000?
111101
In base 8, what is -56 + -1?
-57
In base 16, what is 3 - -14?
17
In base 9, what is 42 - 50?
-7
In base 14, what is 8100 - 1?
80dd
In base 8, what is 100 + -105?
-5
In base 8, what is -17 + -3?
-22
In base 12, what is 273 + 24?
297
In base 14, what is 1 + 1237?
1238
In base 8, what is -3 - -450?
445
In base 16, what is 5 + -5?
0
In base 13, what is 4 - 275?
-271
In base 10, what is -3645 - -3?
-3642
In base 9, what is -3167 - -5?
-3162
In base 5, what is 1120 - -14?
1134
In base 15, what is 5 - 21?
-1b
In base 3, what is 111001 + -10?
110221
In base 13, what is 7 - -29?
33
In base 8, what is -62 + -343?
-425
In base 8, what is 37 + -51?
-12
In base 13, what is -c + 13?
4
In base 7, what is -24 - -13?
-11
In base 4, what is -132300 - -23?
-132211
In base 6, what is 0 + -1153?
-1153
In base 3, what is 200 - 2?
121
In base 10, what is -113 + 15?
-98
In base 11, what is 7604 + -3?
7601
In base 7, what is -6214 - -2?
-6212
In base 9, what is -1273 + -1?
-1274
In base 11, what is -49a3 + 3?
-49a0
In base 15, what is -1 - -4c?
4b
In base 4, what is 11 + 3112?
3123
In base 8, what is -21745 + 2?
-21743
In base 13, what is -b + -1a?
-28
In base 9, what is -5 + 8?
3
In base 13, what is -4 - 53?
-57
In base 3, what is 10011 - 210?
2101
In base 2, what is -101 - 100010?
-100111
In base 8, what is 64 + -2?
62
In base 13, what is -2 - 5a?
-5c
In base 14, what is -c - -8?
-4
In base 15, what is 113 + 19?
12c
In base 3, what is -100 - -1010?
210
In base 14, what is -1b9 + -4?
-1bd
In base 2, what is -10111011001 - 1?
-10111011010
In base 3, what is -112 + -11?
-200
In base 4, what is 11 - -1213010?
1213021
In base 5, what is -12 - 3432?
-3444
In base 3, what is -11220 + 2?
-11211
In base 13, what is -61 - 0?
-61
In base 9, what is 1 - -164?
165
In base 8, what is 1464 - 0?
1464
In base 7, what is -5 + -1364?
-1402
In base 10, what is -1 + 49?
48
In base 2, what is 10010 - 1100011?
-1010001
In base 5, what is 31 + 14333?
14414
In base 2, what is 1001111011000 + -11?
1001111010101
In base 14, what is 2 - 16?
-14
In base 7, what is -1 + 45?
44
In base 8, what is 5361 - -2?
5363
In base 15, what is 8 + 16?
1e
In base 13, what is -4 - 269?
-270
In base 2, what is -11100 + 100?
-11000
In base 8, what is 0 - -412?
412
In base 13, what is -1 - b7?
-b8
In base 10, what is 1375 + 1?
1376
In base 9, what is 31 - -288?
330
In base 5, what is -1014 - -23?
-441
In base 11, what is 327 - -3?
32a
In base 7, what is -20 - 2256?
-2306
In base 6, what is -205322 + 0?
-205322
In base 14, what is -2 + 34?
32
In base 16, what is 1 + 15f?
160
In base 13, what is a3 - 1?
a2
In base 4, what is -3 - -103?
100
In base 14, what is 8 - 1c?
-14
In base 16, what is -5 + 2a5?
2a0
In base 4, what is 2 - 12?
-10
In base 11, what is -10 - -461?
451
In base 14, what is -3 + 44a?
447
In base 5, what is 10 + 12340?
12400
In base 10, what is 6 - -55?
61
In base 3, what is 2221 - -122?
10120
In base 6, what is -220 + -11?
-231
In base 4, what is -11331 + -10?
-12001
In base 14, what is -675 - 1?
-676
In base 6, what is 4 + -4501?
-4453
In base 15, what is -2 - b?
-d
In base 13, what is 11 - 14?
-3
In base 5, what is 2 - 4?
-2
In base 10, what is -2 + -29?
-31
In base 7, what is -430 + -6?
-436
In base 4, what is 10332300 + 1?
10332301
In base 15, what is 14b8 - 2?
14b6
In base 5, what is -10003 + 23?
-4430
In base 14, what is -4 + 8?
4
In base 11, what is 2 - -150?
152
In base 5, what is -3 - 1222?
-1230
In base 13, what is -3a - 2?
-3c
In base 4, what is -1032 - -3?
-1023
In base 11, what is -74 - 42?
-106
In base 10, what is 14 - 6?
8
In base 10, what is -53 + 20?
-33
In base 14, what is 1 + -1b?
-1a
In base 2, what is 1 - 1010?
-1001
In base 6, what is -552 + -21?
-1013
In base 4, what is 1 - -3102?
3103
In base 6, what is 1313 + 4?
1321
In base 6, what is 20 + -1212?
-1152
In base 15, what is 6 - -d3?
d9
In base 4, what is 10 + 110112?
110122
In base 9, what is 343 - -10?
353
In base 5, what is -3 + -42?
-100
In base 16, what is -42 + -1?
-43
In base 8, what is 2 - -60?
62
In base 14, what is 1b - 5?
16
In base 7, what is 4 + 210?
214
In base 14, what is b91 - b?
b84
In base 14, what is -58 + 3?
-55
In base 9, what is 13 - -245?
258
In base 5, what is -2 - -122?
120
In base 6, what is 534 - 3?
531
In base 5, what is -41 + 232?
141
In base 13, what is 3 + -9?
-6
In base 5, what is 4 + 1430?
1434
In base 16, what is 3 + 2cd?
2d0
In base 14, what is -a - 12?
-1c
In base 14, what is -1 + -ab2?
-ab3
In base 9, what is -8 - -11?
2
In base 9, what is 2 + 850?
852
In base 7, what is 15 + 35?
53
In base 5, what is -133 - -1203?
1020
In base 11, what is -3 - 1a72?
-1a75
In base 7, what is -5 - -2215?
2210
In base 6, what is -53310 - 5?
-53315
In base 14, what is d0 + -1?
cd
In base 5, what is -12 - 14202?
-14214
In base 14, what is 172 - -7?
179
In base 15, what is 71 - -10?
81
In base 6, what is 1152 + 10?
1202
In base 9, what is 61515 + -3?
61512
In base 6, what is 2435 - -5?
2444
In base 9, what is -24475 + -3?
-24478
In base 14, what is 1152 + 0?
1152
In base 4, what is 10 + -2321?
-2311
In base 10, what is 11 + 9?
20
In base 7, what is 15 - 22?
-4
In base 8, what is 4 + 3407?
3413
In base 7, what is 15 - -6?
24
In base 6, what is -2310 + -3?
-2313
In base 8, what is -36 + 47?
11
In base 8, what is 2 - -265?
267
In base 10, what is -9 + 1810?
1801
In base 15, what is 6cc6 - -2?
6cc8
In base 7, what is 14 - -56?
103
In base 3, what is 1220 + -1201?
12
In base 12, what is 2 - -77b?
781
In base 3, what is -110 - -22212?
22102
In base 8, what is -45 + 46?
1
In base 5, what is 13 - 40?
-22
In base 9, what is -12425 + -2?
-12427
In base 5, what is 3 - -141?
144
In base 13, what is -25 + 16?
-c
In base 8, what is 1 + -7637?
-7636
In base 12, what is -219 - 4?
-221
In base 10, what is 29 + -14?
15
In base 8, what is -1 - -41?
40
In base 5, what is -3303 + 2?
-3301
In base 12, what is -4 - 243?
-247
In base 16, what is -2 + 154?
152
In base 11, what is -1a - -7?
-13
In base 4, what is 10 + -1302?
-1232
In base 12, what is 0 + 0?
0
In base 8, what is 11 + 62?
73
In base 8, what is -1147 - 36?
-1205
In base 14, what is 5 + 401?
406
In base 11, what is -1524 + 5?
-151a
In base 14, what is -15 + -a24?
-a39
In base 8, what is 4 + -71?
-65
In base 2, what is 110010110010 + -10?
110010110000
In base 13, what is 122 + c?
131
In base 15, what is 4 + 5?
9
In base 6, what is 4 + -22510?
-22502
In base 5, what is -10 + 211331?
211321
In base 2, what is 100100 - 1?
100011
In base 15, what is -15 - -13?
-2
In base 5, what is 1 + 21?
22
In base 10, what is 554 + 1?
555
In base 6, what is -2522 + 4?
-2514
In base 8, what is -74 + 246?
152
In base 7, what is 31 - -11?
42
In base 13, what is 245 - -4?
249
In base 11, what is 3818 - -1?
3819
In base 8, what is -1742 + -4?
-1746
In base 5, what is -221 - -43?
-123
In base 15, what is -9 + -146?
-150
In base 16, what is -5 + -3aa?
-3af
In base 3, what is 200012 + -12?
200000
In base 9, what is -143 - 60?
-213
In base 11, what is -9 - -42?
34
In base 13, what is 12 - -34c?
361
In base 16, what is -3 + 4f?
4c
In base 7, what is -4 - -110?
103
In base 9, what is -1 + 1?
0
In base 5, what is -104 + 24?
-30
In base 15, what is 1d0b - 0?
1d0b
In base 4, what is -310322 + -2?
-310330
In base 8, what is 6 - 720?
-712
In base 5, what is -22 + 142?
120
In base 4, what is 3213221 - -3?
3213230
In base 15, what is 1d - 3?
1a
In base 8, what is 325 + -16?
307
In base 5, what is -131 - 30?
-211
In base 14, what is 5 + -4b?
-46
In base 11, what is -1 + -26?
-27
In base 7, what is -3 - -45?
42
In base 11, what is 2 + 206?
208
In base 9, what is 5127 + 4?
5132
In base 2, what is -11111 + -1011011?
-1111010
In base 15, what is -3 - 55c?
-560
In base 11, what is -5 + -4a?
-54
In base 12, what is 5 + -1800?
-17b7
In base 13, what is 5 - -89?
91
In base 11, what is -230 + 38?
-1a3
In base 16, what is 1474 - 3?
1471
In base 16, what is 66e - -1?
66f
In base 11, what is -2 - 12?
-14
In base 7, what is -1 + -5?
-6
In base 2, what is -1 + 11110011?
11110010
In base 14, what is -4 + 0?
-4
In base 6, what is -3 - 1550?
-1553
In base 11, what is -31 - -1?
-30
In base 13, what is 7a4 - 0?
7a4
In base 4, what is -22000 + 0?
-22000
In b